er when c is divided by i?
19
Suppose 73 = 5*a + 3*m, 3*a - 2*m = -5*m + 39. Calculate the remainder when 219 is divided by a.
15
Calculate the remainder when (-378)/(-28)*(-222)/(-9) is divided by 28.
25
Let l(z) = -z**2 - 11*z - 21. Let t be l(-6). Suppose 4*q - 81 = 59. Calculate the remainder when q is divided by t*1/3 + 10.
9
What is the remainder when ((-156)/(-260))/(2/60) is divided by 8?
2
Let r(z) = -z**3 + 53*z**2 + 69*z - 313. Calculate the remainder when r(54) is divided by 14.
7
Let n be (2 - 1) + 14/(-2). Let l = 11 + n. Suppose 3*y + 6 = 4*h - 51, -l*h + 5*y + 65 = 0. What is the remainder when 70 is divided by h?
16
Let u = 574 - 550. What is the remainder when 116 is divided by u?
20
Suppose 27 = -3*f + 102. Calculate the remainder when 974 is divided by f.
24
Let n = -426 - -440. What is the remainder when 136 is divided by n?
10
What is the remainder when 0 + (-5 - -16) + 87 is divided by 36?
26
Let p = 231 - 383. Let x = -100 - p. What is the remainder when x is divided by 11?
8
Suppose -79*l = -88*l + 333. Calculate the remainder when 178 is divided by l.
30
Calculate the remainder when 128 is divided by (-441)/(-90) + (-2)/(-20).
3
Suppose 6*x - x = -u - 59, -9 = -x + 5*u. Let j = x + 60. Let c = j + -28. Calculate the remainder when c is divided by 12.
9
Suppose a + 37 = 5*q, -4*q + 32 = 2*a - 3*a. Suppose -3*h + 73 = -26. What is the remainder when h is divided by 1 - a - (-6 + 2)?
16
Suppose -12*r + 344 = 80. Suppose -2*o + 20 = -58. Calculate the remainder when o is divided by r.
17
Let c = 247 - 216. Calculate the remainder when 1 + -1 + 2 - -59 is divided by c.
30
Calculate the remainder when 27 is divided by (21/(-7) - -2)/(-1).
0
Calculate the remainder when 283 is divided by 63/4*(-92)/(-69).
10
Suppose 0 = 4*a - 7*a + 15. Let z be (-10)/6 + 2 + 398/3. Let l = z - 114. What is the remainder when l is divided by a?
4
Let w(m) = -4 - 9 + 17 - m. What is the remainder when 27 is divided by w(0)?
3
Suppose 39*f + 794 = 41*f. What is the remainder when f is divided by 25?
22
Let c(r) = 10*r + 2. Let o(f) = f**2 - 21*f - 3. Let i(w) = 7*c(w) + 3*o(w). What is the remainder when i(-3) is divided by 3?
2
Suppose -2*v = 3*v - 175. Let h = 39 - v. Suppose 4*w + h*m - 240 = 0, -w - 4*m + 51 = -0*w. What is the remainder when w is divided by 16?
15
Let j be (-6*(-1)/(-5))/(3/(-10)). What is the remainder when 2 is divided by (-1)/(-6)*(120/j)/5?
0
Let u = 22 + -14. Let v = 11 - u. Suppose c = -v*c + 28. Calculate the remainder when 34 is divided by c.
6
Let r(q) = 89*q**2 - q - 1. Suppose 0 = 3*g + 9 - 180. Calculate the remainder when r(-1) is divided by (-95)/(-4) + g/(-76).
20
Suppose 2*n - 129 = -t, -2*t - t = -5*n + 317. Suppose u = -5*q - 2*u + 54, 0 = 5*q - 2*u - n. Calculate the remainder when 143 is divided by q.
11
Let y(o) = -o**2 + 2*o + 9. Let j be y(4). Suppose 7 = 2*x + j. What is the remainder when 15 is divided by x?
0
Let u(p) = 15*p**2 - 12*p - 1. Calculate the remainder when u(5) is divided by 35.
34
Let t(w) = 4*w**2 + 20*w + 6. Let s(v) = 3*v + 1 - 2*v + 3. What is the remainder when t(-5) is divided by s(0)?
2
Let k = 203 + -157. Calculate the remainder when k is divided by 36.
10
Suppose -3*a = -8*a + 25. Suppose -148 - 77 = -25*f. Calculate the remainder when f is divided by a.
4
Suppose p + 627 = 58*p. Calculate the remainder when 306 is divided by p.
9
Calculate the remainder when 7/2*33708/742 is divided by 51.
6
Let q(m) = -5*m + 42. Let r(f) = f**3 - 10*f**2 + 14*f + 10. Let y be r(8). Calculate the remainder when q(y) is divided by 15.
12
What is the remainder when 44 is divided by (1/(6/(-4)))/((-112)/3864)?
21
Suppose 0 = 2*s + s - 18. Let h = -872 - -901. Calculate the remainder when h is divided by s.
5
Let f = -3 - -10. Let t(v) = -v**2 + 9*v - 5. Suppose 2*h + 60 = -4*q + 152, -4*h + 88 = 4*q. What is the remainder when q is divided by t(f)?
6
Suppose -2*d - 8 = 0, -v + 2*v + 2*d - 13 = 0. Let y = v + -21. Suppose y = 3*t - 37 - 17. What is the remainder when 50 is divided by t?
14
Suppose -5*m = -2*w - 11 + 112, 0 = -2*w - m + 95. Suppose 4*f + 5*s - 1 = 21, 4*s = 5*f - w. What is the remainder when (812/98)/((-2)/(-7)) is divided by f?
5
Let u(r) = 2*r**3 - 6*r**2 - 5*r - 7. Suppose 3*y = 4*w - y, 8 = 2*y. Suppose 21 = 5*l - w. What is the remainder when u(l) is divided by 23?
22
Suppose 2*n = -n + 30. Let a(m) = -10*m. Let l be a(4). Let t = l + 58. What is the remainder when t is divided by n?
8
What is the remainder when 109/3 + (-24)/(-36) - -3 is divided by 10?
0
Let p(n) = -1. Let u(g) = 3*g + 1. Let h(m) = 3*p(m) + u(m). What is the remainder when h(19) is divided by 28?
27
Let m = 116 + -66. Let l = m + -43. Calculate the remainder when 33 is divided by l.
5
Let k = 42 + 23. Let j(s) = 20*s**3 - 2*s**2 + 2*s - 3. What is the remainder when k is divided by j(1)?
14
Suppose -3*p + 6*p = -5*g + 97, -3 = 3*p. Calculate the remainder when 25 is divided by g.
5
Let o(s) = 49*s**2 + 3*s - 4. Let a be o(2). Suppose -19*q - a = -25*q. What is the remainder when 95 is divided by q?
29
Let v = -60 + 99. Suppose -8*i = -4*i + 2*p - 42, 4*p + 48 = 3*i. Suppose 4*r = 2*z + 72, 0*z - i = -3*z. Calculate the remainder when v is divided by r.
19
What is the remainder when (-838)/(-4) + -2 + 3/6 is divided by 54?
46
Let n = 202 + -189. What is the remainder when 29 is divided by n?
3
Suppose -3*l + 48 = x, -5*l + 89 = -5*x + 29. Calculate the remainder when (413/(-14))/((-5)/10) is divided by l.
14
What is the remainder when 108 is divided by -33 + 56 + (3 - -2)?
24
Suppose 3*p + 3 = -2*k, -2*p = -4*k + 2*p + 44. Calculate the remainder when 50 is divided by k.
2
Let i = 1 + 2. Suppose i*m = 8*m - 35. Let h = m - 0. Calculate the remainder when 25 is divided by h.
4
Let i = 91 - 89. Calculate the remainder when 5 is divided by i.
1
Let a be 0 + 19 + 5/(-5). Suppose 4*o - 1 = 19. What is the remainder when ((-144)/27)/((-4)/a) is divided by o?
4
Suppose 36*k + 304 = 2680. What is the remainder when k is divided by 14?
10
Let m be (3 + -9 - 2) + 4. Calculate the remainder when 21 is divided by m - -2 - (-60)/4.
8
Let z = 51 - 41. What is the remainder when 143 is divided by (z/25)/(3/180)?
23
Suppose -40 = -6*n + 242. What is the remainder when 185 is divided by n?
44
Let x(o) be the third derivative of -5/6*o**4 + 0 - 6*o**2 + 1/120*o**6 - 16/3*o**3 + 0*o + 1/5*o**5. What is the remainder when x(-13) is divided by 15?
14
Suppose 3*m + 10 = -5*a, -2 + 42 = -2*m + 5*a. What is the remainder when 17 is divided by (-15 - (-4 + 4))*4/m?
5
Let s(v) = -v**2 + 6*v + 11. Let j = -13 - -19. Suppose 0 = -23*t + 10*t + 520. What is the remainder when t is divided by s(j)?
7
Let j(f) = -2*f**3 + 21*f**2 + 12*f - 3. Let a be j(11). Suppose 3*s - 6*w + a*w - 35 = 0, 3*s = 5*w + 49. What is the remainder when 114 is divided by s?
10
Let s(x) = x**2 + 4*x + 3. Let p be s(-3). Let f = -31 - -37. Suppose q + 3*b = f, -2*q - q + 4*b + 31 = p. What is the remainder when 17 is divided by q?
8
Let t = 0 + 5. Suppose t*x - 3*o + 1 + 90 = 0, -2*o = 6. What is the remainder when (-12)/(-20) - 288/x is divided by 6?
3
Suppose -13*x + 9*x - 20 = 0. Calculate the remainder when 4/6*(-372)/(-8) is divided by 234/30 + (-1)/x.
7
Let p(x) = -2*x + 1. Let g be p(-2). Suppose -k - 109 = -4*s, 4*s - 72 = -k + 43. Suppose g*u - u = s. Calculate the remainder when 26 is divided by u.
5
Let i(q) = -q**2 - 4*q - 1. Let j be i(-3). Suppose -j*f - 5*f = -525. What is the remainder when f is divided by 26?
23
Let f = 725 - 711. Let n(q) = 4*q - 4. Let k be n(3). Let p(v) = -v**2 + 12*v - 7. What is the remainder when p(k) is divided by f?
11
Let m = 76 + -70. What is the remainder when (-6)/(-10) - 137/(-5) is divided by m?
4
Suppose -10*a = -7*a - 69. Suppose -k + 5*m + 33 = 0, -4*k + 3*m + a = -3*k. What is the remainder when 12 is divided by k?
4
Let v = -169 - -176. Calculate the remainder when 24 is divided by v.
3
Let c(v) = -6*v - 14. Let b be c(-4). Suppose r - 22 - b = -p, 3*r + 84 = 3*p. Calculate the remainder when p is divided by 8.
6
Let c(g) = -55*g + 2. Let i be c(-2). Suppose -4*u + i = 3*f, 0*f - 4*f = 16. Let j = -4112 + 4123. Calculate the remainder when u is divided by j.
9
Let a = -937 + 1197. What is the remaind